-4). Let p = x + y. List the prime factors of p.
3
What are the prime factors of (-252)/2*(-351080)/1965?
2, 3, 7, 67
Suppose -5*j + 4*y = -16, -y - 4*y = 20. Suppose j = 6*t - 10*t + 328. List the prime factors of t.
2, 41
Suppose -4*n = -4*z + 79486 + 137178, -4*z + n + 216652 = 0. List the prime factors of z.
2, 3, 17, 59
Suppose -h + 359 = 5*g, h - 3*g = -5*g + 365. What are the prime factors of (h/(-12))/(18/(-120))?
5, 41
Let n(m) = -4*m - 84. Let f(q) = q**2 - 3*q. Let l(u) = 3*f(u) - n(u). What are the prime factors of l(15)?
2, 3, 19
Let a(j) = -1061*j**3 + 7*j**2 + 35*j + 40. List the prime factors of a(-3).
5, 17, 337
Let x(d) = 2 - 2*d**3 + d**2 + 11 - 5*d**2 - 9. Let j be x(-2). Suppose -5*t = -3*t - f - 330, -j*t - f = -648. What are the prime factors of t?
163
Suppose 2*a + 12*y - 865 = 13*y, -863 = -2*a + 3*y. Let s = a + 1142. What are the prime factors of s?
3, 5, 7
Let z(k) = 88*k + 2. Let m be 74*(-2)/4*-1. Let h = -36 + m. List the prime factors of z(h).
2, 3, 5
Let s be 8185 + 3 + 9/(-1). Suppose s = -63*d + 67714. What are the prime factors of d?
3, 5, 7
Let h(m) be the second derivative of -m**5/2 + 5*m**4/12 - 5*m**3/3 - 32*m**2 - 24*m - 4. List the prime factors of h(-4).
2, 3, 29
Suppose 5*s - 93 = -4*j, 3*s - 11 = 2*j + 36. Suppose 4*c + 5*u + 1 = 3*c, -3*u = 5*c - s. What are the prime factors of (-35)/(-1*(c - 3))?
5, 7
Let w be (462/(-5))/(31/(-3255)). Suppose 0 = 27*q - 5*q - w. What are the prime factors of q?
3, 7
Let w(p) = p**3 - 82*p**2 + 338*p + 70. List the prime factors of w(79).
3, 2683
Suppose -28*n + 640524 + 19268 = 0. What are the prime factors of n?
2, 43, 137
What are the prime factors of 49938 - (1 - -6 - (-224 - -228))?
3, 5, 3329
Let f(q) = 528*q**2 + 43*q + 399. What are the prime factors of f(-8)?
11, 17, 181
Let a(z) be the first derivative of -5*z**2/2 + 17*z + 10. Let i be a(3). What are the prime factors of 1*i + 0*7/(-49)?
2
Suppose z = 3*l - 4825 - 6698, -3*l + 4*z = -11514. What are the prime factors of l?
2, 17, 113
List the prime factors of (-399)/(-76)*4 - -7663.
2, 17, 113
Suppose 0 = -30*h + 31*h. Suppose -a + 3*a - 2280 = -5*o, -5*o - a + 2285 = h. What are the prime factors of o?
2, 229
Suppose 3*j + 4*m - 453 - 435 = 0, -1212 = -4*j + 4*m. Let c = j - 132. What are the prime factors of c?
2, 3, 7
Let x = 61 - 63. Let l be (-1)/x - 693/(-6). Suppose 2*q - 2*o - 172 = l, -5*q = 2*o - 720. What are the prime factors of q?
2, 3
Let k = -47 - -68. Suppose -2*t = k - 309. Suppose v - 3*v + t = z, -v + z = -75. What are the prime factors of v?
73
Let z(w) = 960*w**2 - 60*w + 387. What are the prime factors of z(6)?
3, 7, 61
Let q(d) = d**2 - 2*d + 2. Let a be q(3). Let b(m) = -87*m - 783. Let p be b(-9). Suppose a*u - 108 - 312 = p. List the prime factors of u.
2, 3, 7
Suppose 185*k - 32836 = 181*k. What are the prime factors of k?
8209
Suppose -12*k - 960 = -6*k. Suppose -9 = -3*v + 708. Let t = k + v. List the prime factors of t.
79
Suppose 3980768 = -55*m + 141*m. List the prime factors of m.
2, 11, 263
What are the prime factors of 451*-3*30/(-36)*14?
5, 7, 11, 41
Suppose -131*g + 96 = -123*g. What are the prime factors of -6*(16/g - 2) + 157?
7, 23
Suppose 2*f = -1797 + 6755. Suppose -1391 = -10*r + f. List the prime factors of r.
3, 43
Let a = 46 - 42. Suppose 3*s - 614 = a*j, -s + 3*j = -237 + 39. Suppose -k + 2*k + y = 42, -5*y - s = -5*k. List the prime factors of k.
2, 3, 7
Let x be 18/(-8)*((-156982)/14 - 3). Suppose x = 41*l - 29*l. What are the prime factors of l?
3, 701
List the prime factors of ((-1121)/(-2))/(2/96*8).
3, 19, 59
What are the prime factors of 17/(((-3)/(-2965))/((-48)/(-80)))?
17, 593
Suppose -38821 = -4*t - 18*u + 13*u, 5*u = 5. What are the prime factors of t?
2, 1213
Let p(b) = 1383*b**2 - 497*b + 995. What are the prime factors of p(2)?
11, 503
Let s = 47 - 45. Suppose -2*v - 4*y + 22 = 0, -3*v - s*y + 4*y = -9. Suppose -20 = -v*i, 4*u + 0*i - 20 = -i. List the prime factors of u.
2
Let k(v) = v**3 - 7*v**2 - 9*v + 7. Let u be k(8). Suppose 3*l + 473 = 4*n + 6*l, 5*n - 595 = -5*l. Let h = n - u. List the prime factors of h.
3, 13
Let h(r) = -3668*r**3 - 3*r**2 - 495*r - 981. List the prime factors of h(-2).
13, 37, 61
Let y(z) = -2885*z - 861. What are the prime factors of y(-9)?
2, 3, 523
Let n(z) be the first derivative of z**3/3 - 5*z**2 - 9*z - 1. Let d be n(11). Suppose j - d*j + 71 = 0. What are the prime factors of j?
71
What are the prime factors of (-173702 + 196)*(13/(-18) - (-2)/9)?
86753
Suppose 6 = 3*p, -5*i - 2*p + 99 = -0*p. Let z = i - 10. Suppose z*k = 20 + 439. What are the prime factors of k?
3, 17
Suppose -1359 = -3*y + 5*d, -y + 5*d + 911 = y. Let k be (y/(-40))/(4/(-10)). Suppose 23*q - k*q + 490 = 0. List the prime factors of q.
2, 7
Let c be 1/(-2) + 105765/110. Suppose 0 = -c*l + 965*l - 3244. What are the prime factors of l?
811
Suppose -4*d + 18 = o, 3*d - 5 = 4*d + 5*o. What are the prime factors of (-5)/4*d*8096/(-88)?
5, 23
Suppose -7*g + 4*g + 27 = 0. Suppose g*c + 1601 - 4229 = 0. What are the prime factors of c?
2, 73
Let g = 210 - 210. Suppose -311 = -v + 25. Suppose -4*t + 2*t + v = g. What are the prime factors of t?
2, 3, 7
Let a(g) = -g**2 + 21*g + 33. Let s be a(22). Let c(d) = -22*d - 44. Let p be c(s). Let l = 431 + p. What are the prime factors of l?
5, 29
Let s = -90 - -66. Let p = s - -57. List the prime factors of (p/22)/(-2 - (-667)/332).
2, 83
Let h be 52/12 + 1/(-3). Let b(q) = -550*q**3 + 5 + 549*q**3 + 0 + q**2 - q + h*q. What are the prime factors of b(-3)?
2
Let k(a) be the first derivative of a**2/2 - 20*a - 3. Let q be k(0). Let g = -3 - q. What are the prime factors of g?
17
Let n = 2531 - -7229. List the prime factors of n.
2, 5, 61
Let l(c) = -47*c**3 - 11*c**2 - 28*c - 21. What are the prime factors of l(-6)?
3, 3301
Suppose 5*b - 5*y - 15 = 0, -2*b - y - 6 = -18. Suppose 0 = -b*v - 2*v. Suppose v = 7*a - 8*a + 55. List the prime factors of a.
5, 11
Let h be 44/6 + (-28)/21. Suppose -h*z + 175 = -z. What are the prime factors of z?
5, 7
Suppose 2*o - q - 22994 = 0, -37711 = -4*o - q + 8277. List the prime factors of o.
11497
Suppose -j - 178 = -8*t + 4*t, 147 = 3*t + 6*j. What are the prime factors of t?
3, 5
Let c(a) = -a - 21. Let q be c(-21). Suppose -3*g = -q*x + 3*x - 2406, 0 = -x. Suppose -5*b + g = -2*r, -r + 5 - 1 = 0. What are the prime factors of b?
2, 3
Let g = -72021 + 101188. What are the prime factors of g?
29167
Let b = -9064 + 14983. What are the prime factors of b?
3, 1973
Let k(o) = o**3 + o**2 - o + 9. Let h be k(0). Suppose 11*x - h*x = 3*f + 8, x = 5*f + 11. List the prime factors of (-412)/(-2) - (3 + -7)/x.
2, 3, 5, 7
What are the prime factors of (140/(-24) - -6)*(-1 + -1587)*-66?
2, 11, 397
Suppose -s - 11 = -2*s - 4*k, -4*s = -4*k - 4. What are the prime factors of (-2 - s/(2 + -5)) + 301?
2, 3, 5
Let t(b) = b**2 + 22*b + 56. Let p be t(-24). Let x = 26 + p. Suppose -h - 23 = -4*o + 150, 3*o - h - x = 0. List the prime factors of o.
43
Let s(h) = -11*h - 317. Let r be s(-29). Suppose 2*q = r*l + 3112, -1434 = 3*q + l - 6094. List the prime factors of q.
2, 3, 7, 37
Let b = 164 - 116. Let d = -38 + b. Let k = 99 - d. List the prime factors of k.
89
Suppose 4*q + 2*r - 14 = 0, -5*r + 10 = q + 2. Suppose -q*p - 4*v = -9 - 23, p - 9 = -v. List the prime factors of p.
2
Let u = -30 - -32. Suppose 6 = u*o + o - 4*p, -5*p = 0. Suppose 0 = -o*k + k + 114. List the prime factors of k.
2, 3, 19
Let x be ((-296)/(-120) + 2/(-15))*39. Suppose x = -5*n + 536. Suppose 2*j = c - 86, -n = -c + 6*j - j. List the prime factors of c.
2, 3, 7
Suppose -14*a + 643 = -1247. Let k = a - 126. Suppose -k*r = -8*r - 142. List the prime factors of r.
2, 71
Suppose 5*y + 43*k = 41*k + 39835, 3*y = -2*k + 23897. What are the prime factors of y?
13, 613
Suppose 11*g + 21*g = -18*g + 728000. List the prime factors of g.
2, 5, 7, 13
Let z(r) = 804*r - 6983. List the prime factors of z(43).
47, 587
What are the prime factors of -1*7 + (-2738768)/(-272)?
2, 3, 13, 43
Suppose 96*z + 192*z = 86*z + 3988894. What are the prime factors of z?
7, 13, 31
Let f(d) = 356*d + 495. List the prime factors of f(12).
3, 7, 227
Let p(g) = g**2 + 65*g + 969. List the prime factors of p(134).
5, 5527
Let v = -113 